common divisor of 4932 and 36?
36
Calculate the highest common factor of 960 and 15.
15
What is the highest common factor of 2465 and 595?
85
What is the highest common factor of 44 and 286?
22
Calculate the greatest common divisor of 722 and 2.
2
Calculate the greatest common divisor of 130 and 26.
26
What is the greatest common divisor of 104 and 78?
26
Calculate the highest common divisor of 288 and 64.
32
What is the highest common divisor of 3649 and 82?
41
Calculate the highest common factor of 304 and 988.
76
What is the greatest common divisor of 1829 and 31?
31
What is the greatest common factor of 3585 and 75?
15
Calculate the greatest common divisor of 6460 and 95.
95
Calculate the greatest common divisor of 25 and 15.
5
What is the highest common factor of 38 and 95?
19
What is the greatest common factor of 25 and 25?
25
Calculate the greatest common factor of 40 and 7630.
10
What is the greatest common divisor of 324 and 2052?
108
Calculate the highest common factor of 67 and 1139.
67
What is the greatest common factor of 729 and 18?
9
Calculate the highest common factor of 51 and 255.
51
What is the greatest common divisor of 248 and 1178?
62
What is the greatest common divisor of 1472 and 23?
23
What is the greatest common divisor of 3300 and 132?
132
What is the greatest common divisor of 17590 and 30?
10
Calculate the greatest common divisor of 13875 and 444.
111
What is the highest common factor of 75 and 625?
25
What is the greatest common divisor of 4810 and 52?
26
Calculate the greatest common divisor of 2201 and 994.
71
Calculate the greatest common divisor of 378 and 105.
21
What is the greatest common factor of 290 and 1480?
10
What is the highest common factor of 1952 and 88?
8
Calculate the greatest common divisor of 126 and 6.
6
Calculate the highest common factor of 76 and 63004.
76
What is the greatest common factor of 299 and 13?
13
Calculate the greatest common divisor of 6 and 618.
6
Calculate the greatest common factor of 34 and 2482.
34
Calculate the highest common divisor of 48 and 3684.
12
Calculate the greatest common factor of 65817 and 9.
9
What is the greatest common divisor of 4 and 167?
1
Calculate the greatest common divisor of 320 and 2060.
20
What is the highest common divisor of 240 and 45?
15
What is the highest common divisor of 13501 and 23?
23
What is the greatest common factor of 68 and 714?
34
What is the greatest common factor of 873 and 485?
97
Calculate the greatest common factor of 200 and 250.
50
What is the highest common factor of 72 and 27?
9
Calculate the highest common factor of 270 and 3910.
10
Calculate the greatest common divisor of 27 and 135.
27
Calculate the highest common factor of 290 and 565.
5
Calculate the highest common divisor of 405 and 18.
9
Calculate the greatest common divisor of 1 and 29.
1
Calculate the highest common divisor of 144 and 936.
72
What is the highest common divisor of 893 and 57?
19
Calculate the greatest common factor of 5 and 13245.
5
Calculate the highest common divisor of 205 and 123.
41
What is the greatest common factor of 1892 and 44?
44
What is the highest common factor of 2533 and 298?
149
Calculate the highest common divisor of 66 and 18.
6
What is the highest common divisor of 378 and 210?
42
What is the highest common divisor of 2 and 85?
1
What is the highest common divisor of 35 and 35?
35
What is the greatest common factor of 189 and 119?
7
Calculate the greatest common divisor of 90 and 2010.
30
Calculate the greatest common divisor of 2673 and 33.
33
Calculate the highest common factor of 252 and 140.
28
Calculate the greatest common factor of 16 and 1392.
16
What is the highest common factor of 70 and 15?
5
Calculate the greatest common factor of 44 and 1076.
4
What is the greatest common factor of 286 and 22?
22
What is the highest common divisor of 16 and 17896?
8
What is the highest common factor of 1007 and 38?
19
What is the highest common factor of 912 and 171?
57
What is the greatest common divisor of 288 and 1836?
36
What is the greatest common divisor of 268 and 28?
4
What is the highest common divisor of 36 and 9090?
18
What is the highest common factor of 102 and 54?
6
What is the highest common divisor of 168 and 18?
6
Calculate the greatest common divisor of 568 and 2911.
71
Calculate the highest common divisor of 11055 and 402.
201
What is the greatest common divisor of 7588 and 56?
28
What is the highest common factor of 54 and 66?
6
Calculate the highest common factor of 338 and 1859.
169
What is the greatest common divisor of 88 and 1804?
44
What is the greatest common divisor of 2484 and 378?
54
Calculate the greatest common divisor of 12 and 876.
12
Calculate the highest common divisor of 13286 and 182.
182
What is the greatest common divisor of 74 and 703?
37
What is the highest common factor of 792 and 1672?
88
What is the highest common divisor of 39 and 93?
3
What is the highest common factor of 31 and 2?
1
Calculate the highest common divisor of 8 and 46.
2
What is the greatest common divisor of 927 and 288?
9
Calculate the highest common divisor of 15 and 15.
15
Calculate the highest common divisor of 16 and 568.
8
Calculate the greatest common divisor of 160 and 110.
10
Calculate the greatest common divisor of 48 and 592.
16
What is the greatest common factor of 174 and 58?
58
What is the highest common factor of 4340 and 560?
140
Calculate the greatest common divisor of 33150 and 30.
30
What is the highest common divisor of 212 and 1325?
53
Calculate the highest common divisor of 76 and 266.
38
Calculate the greatest common divisor of 65 and 26.
13
Calculate the greatest common divisor of 1421 and 147.
49
Calculate the greatest common factor of 30 and 354.
6
What is the greatest common divisor of 336 and 238?
14
What is the highest common factor of 9 and 639?
9
What is the greatest common factor of 138 and 9844?
46
What is the highest common divisor of 71 and 284?
71
Calculate the highest common divisor of 1826 and 22.
22
Calculate the highest common divisor of 252 and 231.
21
Calculate the greatest common divisor of 12012 and 63.
21
Calculate the greatest common factor of 3 and 53.
1
Calculate the highest common factor of 14612 and 52.
52
What is the highest common factor of 20 and 3110?
10
Calculate the highest common factor of 90 and 94410.
90
What is the greatest common divisor of 861 and 1353?
123
Calculate the highest common factor of 80 and 208.
16
Calculate the highest common divisor of 1022 and 14.
14
Calculate the highest common divisor of 36 and 738.
18
What is the highest common factor of 62 and 1643?
31
Calculate the greatest common divisor of 6 and 21.
3
Calculate the highest common divisor of 26427 and 69.
69
What is the greatest common factor of 238 and 850?
34
Calculate the highest common factor of 12 and 444.
12
Calculate the highest common divisor of 27369 and 9.
9
What is the greatest common divisor of 22 and 1749?
11
What is the greatest common divisor of 3264 and 768?
192
Calculate the greatest common divisor of 16 and 3928.
8
What is the highest common factor of 2 and 98?
2
What is the highest common divisor of 338 and 36?
2
What is the highest common factor of 27666 and 106?
106
Calculate the highest common factor of 24 and 2280.
24
Calculate the greatest common factor of 156 and 234.
78
What is the highest common divisor of 357 and 21?
21
What is the highest common factor of 11 and 9?
1
Calculate the greatest common divisor of 188 and 235.
47
Calculate the highest common factor of 442 and 26.
26
Calculate the highest common divisor of 1260 and 900.
180
Calculate the highest common divisor of 28 and 294.
14
What is the highest common factor of 3094 and 476?
238
Calculate the greatest common factor of 1660 and 30.
10
Calculate the greatest common divisor of 992 and 32.
32
Calculate the highest common divisor of 33 and 297.
33
What is the highest common factor of 168 and 392?
56
What is the greatest common factor of 5 and 335?
5
What is the greatest common factor of 408 and 459?
51
Calculate the highest common divisor of 72 and 684.
36
Calculate the highest common factor of 800 and 175.
25
Calculate the greatest common divisor of 238 and 14.
14
What is the highest common divisor 